{"id":14,"date":"2023-04-27T08:41:44","date_gmt":"2023-04-27T08:41:44","guid":{"rendered":"https:\/\/oss.uzz.fberg.tuke.sk\/?page_id=14"},"modified":"2026-02-24T06:37:04","modified_gmt":"2026-02-24T06:37:04","slug":"kontakt","status":"publish","type":"page","link":"https:\/\/oss.uzz.fberg.tuke.sk\/index.php\/kontakt\/","title":{"rendered":"Kontakt"},"content":{"rendered":"\n<div class=\"wp-block-group is-vertical is-content-justification-left is-layout-flex wp-container-core-group-is-layout-c0ca7d81 wp-block-group-is-layout-flex\">\n<p>Oddelenia spracovania surov\u00edn<\/p>\n\n\n\n<p>Technick\u00e1 univerzita v&nbsp;Ko\u0161iciach, FBERG, \u00dastav zemsk\u00fdch zdrojov<\/p>\n\n\n\n<p>Park Komensk\u00e9ho 19<\/p>\n\n\n\n<p>042 00 Ko\u0161ice<\/p>\n<\/div>\n\n\n\n<div style=\"height:60px\" aria-hidden=\"true\" class=\"wp-block-spacer\"><\/div>\n\n\n\n<p class=\"has-large-font-size\"><strong>Ved\u00faca oddelenia<\/strong><\/p>\n\n\n\n<div style=\"height:20px\" aria-hidden=\"true\" class=\"wp-block-spacer\"><\/div>\n\n\n\n<div class=\"wp-block-media-text alignwide is-stacked-on-mobile is-vertically-aligned-top\" style=\"grid-template-columns:30% auto\"><figure class=\"wp-block-media-text__media\"><img loading=\"lazy\" decoding=\"async\" width=\"180\" height=\"180\" src=\"https:\/\/oss.uzz.fberg.tuke.sk\/wp-content\/uploads\/2023\/04\/Kozakova_Lubica.png\" alt=\"\" class=\"wp-image-36 size-full\" srcset=\"https:\/\/oss.uzz.fberg.tuke.sk\/wp-content\/uploads\/2023\/04\/Kozakova_Lubica.png 180w, https:\/\/oss.uzz.fberg.tuke.sk\/wp-content\/uploads\/2023\/04\/Kozakova_Lubica-150x150.png 150w\" sizes=\"auto, (max-width: 180px) 100vw, 180px\" \/><\/figure><div class=\"wp-block-media-text__content\">\n<p><strong>doc. Ing. \u013dubica Koz\u00e1kov\u00e1, PhD.<\/strong><br>Park Komensk\u00e9ho 19, \u010d. d. 054<br>Mail: lubica.kozakova@tuke.sk<br>Tel: +421 55 602 2990<br><a href=\"https:\/\/orcid.org\/0000-0001-7685-0077\">https:\/\/orcid.org\/0000-0001-7685-0077<\/a><\/p>\n\n\n<div class=\"wp-block-image\">\n<figure class=\"alignleft is-resized\"><a href=\"mailto:lubica.kozakova@tuke.sk\"><img loading=\"lazy\" decoding=\"async\" src=\"http:\/\/mineral-processing.sk\/img\/email-128.png\" alt=\"HTML tutorial\" width=\"64\" height=\"64\"\/><\/a><\/figure>\n<\/div>\n\n<div class=\"wp-block-image\">\n<figure class=\"alignleft is-resized\"><a href=\"tel:+421(55)6022391\"><img loading=\"lazy\" decoding=\"async\" src=\"http:\/\/mineral-processing.sk\/img\/phone-128.png\" alt=\"HTML tutorial\" width=\"64\" height=\"64\"\/><\/a><\/figure>\n<\/div>\n\n<div class=\"wp-block-image\">\n<figure class=\"alignleft is-resized\"><a href=\"https:\/\/sk.linkedin.com\/in\/lubicakozakova\"><img loading=\"lazy\" decoding=\"async\" src=\"http:\/\/mineral-processing.sk\/img\/linkedin-128.png\" alt=\"HTML tutorial\" width=\"64\" height=\"64\"\/><\/a><\/figure>\n<\/div>\n\n<div class=\"wp-block-image\">\n<figure class=\"alignleft is-resized\"><a href=\"https:\/\/www.researchgate.net\/profile\/Kozakova_Lubica\"><img loading=\"lazy\" decoding=\"async\" src=\"http:\/\/mineral-processing.sk\/img\/researchgate-128.png\" alt=\"HTML tutorial\" width=\"64\" height=\"64\"\/><\/a><\/figure>\n<\/div>\n\n<div class=\"wp-block-image\">\n<figure class=\"alignleft is-resized\"><a href=\"http:\/\/www.scopus.com\/authid\/detail.uri?authorId=17434817400\"><img loading=\"lazy\" decoding=\"async\" src=\"http:\/\/mineral-processing.sk\/img\/scopus2-128.png\" alt=\"HTML tutorial\" width=\"64\" height=\"64\"\/><\/a><\/figure>\n<\/div><\/div><\/div>\n","protected":false},"excerpt":{"rendered":"<p>Oddelenia spracovania surov\u00edn Technick\u00e1 univerzita v&nbsp;Ko\u0161iciach, FBERG, \u00dastav zemsk\u00fdch zdrojov Park Komensk\u00e9ho 19 042 00 Ko\u0161ice Ved\u00faca oddelenia<\/p>\n","protected":false},"author":1,"featured_media":0,"parent":0,"menu_order":0,"comment_status":"closed","ping_status":"closed","template":"","meta":{"footnotes":""},"class_list":["post-14","page","type-page","status-publish","hentry"],"_links":{"self":[{"href":"https:\/\/oss.uzz.fberg.tuke.sk\/index.php\/wp-json\/wp\/v2\/pages\/14","targetHints":{"allow":["GET"]}}],"collection":[{"href":"https:\/\/oss.uzz.fberg.tuke.sk\/index.php\/wp-json\/wp\/v2\/pages"}],"about":[{"href":"https:\/\/oss.uzz.fberg.tuke.sk\/index.php\/wp-json\/wp\/v2\/types\/page"}],"author":[{"embeddable":true,"href":"https:\/\/oss.uzz.fberg.tuke.sk\/index.php\/wp-json\/wp\/v2\/users\/1"}],"replies":[{"embeddable":true,"href":"https:\/\/oss.uzz.fberg.tuke.sk\/index.php\/wp-json\/wp\/v2\/comments?post=14"}],"version-history":[{"count":6,"href":"https:\/\/oss.uzz.fberg.tuke.sk\/index.php\/wp-json\/wp\/v2\/pages\/14\/revisions"}],"predecessor-version":[{"id":183,"href":"https:\/\/oss.uzz.fberg.tuke.sk\/index.php\/wp-json\/wp\/v2\/pages\/14\/revisions\/183"}],"wp:attachment":[{"href":"https:\/\/oss.uzz.fberg.tuke.sk\/index.php\/wp-json\/wp\/v2\/media?parent=14"}],"curies":[{"name":"wp","href":"https:\/\/api.w.org\/{rel}","templated":true}]}}