{"id":46,"date":"2023-04-27T09:36:55","date_gmt":"2023-04-27T09:36:55","guid":{"rendered":"https:\/\/oss.uzz.fberg.tuke.sk\/?page_id=46"},"modified":"2026-02-24T06:37:04","modified_gmt":"2026-02-24T06:37:04","slug":"bakalarske-studium","status":"publish","type":"page","link":"https:\/\/oss.uzz.fberg.tuke.sk\/index.php\/vzdelavanie\/bakalarske-studium\/","title":{"rendered":"Bakal\u00e1rsky stupe\u0148 \u0161t\u00fadia (Bc.)"},"content":{"rendered":"\n<p>\u0160t\u00fadijn\u00fd program: <strong>Ochrana \u017eivotn\u00e9ho prostredia a ekotechnol\u00f3gie surov\u00edn<\/strong>.<\/p>\n\n\n\n<p><strong>Profil absolventa<\/strong><\/p>\n\n\n\n<p>\u0160t\u00fadium je zameran\u00e9 na problematiku ochrany \u017eivotn\u00e9ho prostredia v&nbsp;kontexte \u00fapravy a&nbsp;spracovania prim\u00e1rnych a&nbsp;sekund\u00e1rnych surov\u00edn. Z\u00edskan\u00e9 vedomosti z pr\u00edrodovedn\u00fdch a&nbsp;technick\u00fdch discipl\u00edn umo\u017enia profilova\u0165 \u0161tudentov ku kvantifik\u00e1cii, anal\u00fdze a&nbsp;h\u013eadaniu rie\u0161en\u00ed mo\u017en\u00fdch negat\u00edvnych environment\u00e1lnych probl\u00e9mov pri technologickom spracovan\u00ed surov\u00edn. Poznanie environment\u00e1lnych aspektov a&nbsp;vplyvov je mo\u017en\u00e9 aplikova\u0165 pri riaden\u00ed environment\u00e1lnych procesov zoh\u013eadnen\u00edm v\u0161etk\u00fdch zlo\u017eiek \u017eivotn\u00e9ho prostredia.<\/p>\n\n\n\n<p>S\u00fa\u010das\u0165ou odbornej profil\u00e1cie absolventov je schopnos\u0165 rie\u0161i\u0165 environment\u00e1lne dopady \u0165a\u017eby a&nbsp;\u00fapravy surov\u00edn, monitoring \u017eivotn\u00e9ho prostredia. Zna\u010dn\u00e1 pozornos\u0165 je venovan\u00e1 legislat\u00edvnej oblasti, nako\u013eko pri projektovan\u00ed a&nbsp;vypracovan\u00ed z\u00e1merov na \u0165a\u017ebu, \u00fapravu a&nbsp;spracovanie surov\u00edn s\u00fa tieto znalosti nevyhnutne potrebn\u00e9. S&nbsp;uveden\u00fdm s\u00favis\u00ed aj ot\u00e1zka ochrany \u017eivotn\u00e9ho prostredia a udr\u017eate\u013en\u00e9ho rozvoja.<\/p>\n\n\n\n<p>S\u00fa\u010dasne m\u00f4\u017ee uplatni\u0165 svoje vedomosti v oblasti environment\u00e1lnych technol\u00f3gi\u00ed (recykl\u00e1cia a spracovanie priemyseln\u00fdch a komun\u00e1lnych odpadov), ktor\u00e9 vyu\u017e\u00edvaj\u00fa \u00fapravn\u00edcke technol\u00f3gie alebo ich \u010dasti.<\/p>\n\n\n\n<p><strong>Uplatnenie&nbsp; absolventa<\/strong><\/p>\n\n\n\n<p>Absolventi \u0161tudijn\u00e9ho programu Ochrana \u017eivotn\u00e9ho prostredia a&nbsp;ekotechnol\u00f3gie surov\u00edn nach\u00e1dzaj\u00fa uplatnenie v&nbsp;organiz\u00e1ci\u00e1ch, ktor\u00e9 sa zaoberaj\u00fa monitorovan\u00edm a&nbsp;vyhodnocovan\u00edm stavu \u017eivotn\u00e9ho prostredia, odpadov\u00fdm hospod\u00e1rstvom, posudzovan\u00edm vplyvov na \u017eivotn\u00e9 prostredie.<\/p>\n\n\n\n<p>Mo\u017en\u00e9 uplatnenie je v&nbsp;\u0161t\u00e1tnej aj s\u00fakromnej sf\u00e9re &#8211; v&nbsp;\u0161t\u00e1tnej spr\u00e1ve, miestnej samospr\u00e1ve, t\u00fdkaj\u00facej sa \u017eivotn\u00e9ho prostredia, v&nbsp;priemyseln\u00fdch podnikoch, ktor\u00fdch \u010dinnos\u0165 s\u00favis\u00ed so spracovan\u00edm surov\u00edn, v&nbsp;r\u00f4znych environment\u00e1lnych organiz\u00e1ci\u00e1ch.<\/p>\n\n\n\n<p>Absolventi taktie\u017e nach\u00e1dzaj\u00fa uplatnenie v&nbsp;oblastiach spojen\u00fdch s&nbsp;recykl\u00e1ciou zlo\u017eiek priemyseln\u00fdch a&nbsp;komun\u00e1lnych odpadov a&nbsp;so separ\u00e1ciou jemnodisperzn\u00fdch \u010dast\u00edc zachyten\u00fdch ekotechnol\u00f3giami pre ochranu ovzdu\u0161ia a&nbsp;ochranu v\u00f4d.<\/p>\n","protected":false},"excerpt":{"rendered":"<p>\u0160t\u00fadijn\u00fd program: Ochrana \u017eivotn\u00e9ho prostredia a ekotechnol\u00f3gie surov\u00edn. Profil absolventa \u0160t\u00fadium je zameran\u00e9 na problematiku ochrany \u017eivotn\u00e9ho prostredia v&nbsp;kontexte \u00fapravy a&nbsp;spracovania prim\u00e1rnych a&nbsp;sekund\u00e1rnych surov\u00edn. Z\u00edskan\u00e9 vedomosti z pr\u00edrodovedn\u00fdch a&nbsp;technick\u00fdch discipl\u00edn umo\u017enia profilova\u0165 \u0161tudentov ku kvantifik\u00e1cii, anal\u00fdze a&nbsp;h\u013eadaniu rie\u0161en\u00ed mo\u017en\u00fdch negat\u00edvnych&hellip; <\/p>\n","protected":false},"author":1,"featured_media":0,"parent":12,"menu_order":0,"comment_status":"closed","ping_status":"closed","template":"","meta":{"footnotes":""},"class_list":["post-46","page","type-page","status-publish","hentry"],"_links":{"self":[{"href":"https:\/\/oss.uzz.fberg.tuke.sk\/index.php\/wp-json\/wp\/v2\/pages\/46","targetHints":{"allow":["GET"]}}],"collection":[{"href":"https:\/\/oss.uzz.fberg.tuke.sk\/index.php\/wp-json\/wp\/v2\/pages"}],"about":[{"href":"https:\/\/oss.uzz.fberg.tuke.sk\/index.php\/wp-json\/wp\/v2\/types\/page"}],"author":[{"embeddable":true,"href":"https:\/\/oss.uzz.fberg.tuke.sk\/index.php\/wp-json\/wp\/v2\/users\/1"}],"replies":[{"embeddable":true,"href":"https:\/\/oss.uzz.fberg.tuke.sk\/index.php\/wp-json\/wp\/v2\/comments?post=46"}],"version-history":[{"count":5,"href":"https:\/\/oss.uzz.fberg.tuke.sk\/index.php\/wp-json\/wp\/v2\/pages\/46\/revisions"}],"predecessor-version":[{"id":129,"href":"https:\/\/oss.uzz.fberg.tuke.sk\/index.php\/wp-json\/wp\/v2\/pages\/46\/revisions\/129"}],"up":[{"embeddable":true,"href":"https:\/\/oss.uzz.fberg.tuke.sk\/index.php\/wp-json\/wp\/v2\/pages\/12"}],"wp:attachment":[{"href":"https:\/\/oss.uzz.fberg.tuke.sk\/index.php\/wp-json\/wp\/v2\/media?parent=46"}],"curies":[{"name":"wp","href":"https:\/\/api.w.org\/{rel}","templated":true}]}}