{"id":50,"date":"2023-04-27T09:38:16","date_gmt":"2023-04-27T09:38:16","guid":{"rendered":"https:\/\/oss.uzz.fberg.tuke.sk\/?page_id=50"},"modified":"2026-02-24T06:37:04","modified_gmt":"2026-02-24T06:37:04","slug":"doktorandske-studium","status":"publish","type":"page","link":"https:\/\/oss.uzz.fberg.tuke.sk\/index.php\/vzdelavanie\/doktorandske-studium\/","title":{"rendered":"Doktorandsk\u00fd stupe\u0148 \u0161t\u00fadia (PhD.)"},"content":{"rendered":"\n<p>\u0160tudijn\u00fd program: <strong>Mineralurgia a environment\u00e1lne technol\u00f3gie<\/strong>.<\/p>\n\n\n\n<p><strong>Profil absolventa<\/strong> <\/p>\n\n\n\n<p>Profil absolventa \u0161tudijn\u00e9ho programu Mineralurgia a environment\u00e1lne technol\u00f3gie v III. stupni vzdel\u00e1vania vypl\u00fdva z vymedzenia \u0161tudijn\u00e9ho odboru Mineralurgia. Absolvent nadv\u00e4zuje na svoje \u0161t\u00fadium rovnak\u00e9ho programu v\u00a0druhom stupni, pr\u00edpadne na druhostup\u0148ov\u00e9 \u0161t\u00fadium programu akreditovan\u00e9ho v niektorom z\u00a0pr\u00edbuzn\u00fdch \u0161tudijn\u00fdch odborov. \u0160t\u00fadiom vybran\u00fdch teoretick\u00fdch a technologick\u00fdch predmetov, ako aj vedecko-odbornej literat\u00fary (spravidla v niektorom svetovom jazyku), z\u00edskava a analyzuje najnov\u0161ie poznatky z oblasti mineralurgie a environment\u00e1lnych technol\u00f3gi\u00ed, pr\u00edpadne \u010fal\u0161\u00edch vied. Ich synt\u00e9zou hodnot\u00ed s\u00fa\u010dasn\u00fd stav problematiky (vymedzenej t\u00e9mou doktorandskej pr\u00e1ce) a navrhuje sp\u00f4sob(y) jej rie\u0161enia. Ovl\u00e1da modern\u00e9 vedeck\u00e9 met\u00f3dy teoretick\u00e9ho a experiment\u00e1lneho v\u00fdskumu a vie ich uplatni\u0165 tak, \u017ee dosiahnut\u00e9 v\u00fdsledky a z\u00e1very z\u00edskan\u00e9 pri b\u00e1dan\u00ed v danej problematike s\u00fa origin\u00e1lnym pr\u00ednosom pre rozvoj vedn\u00e9ho odboru a\/alebo pre prax.<\/p>\n\n\n\n<p><strong>Uplatnenie absolventa<\/strong> <\/p>\n\n\n\n<p>Absolventi \u0161tudijn\u00e9ho programu Mineralurgia a environment\u00e1lne technol\u00f3gie nach\u00e1dzaj\u00fa uplatnenie v\u00a0r\u00e1mci uveden\u00e9ho odboru (najm\u00e4 oblas\u0165 spracovania surov\u00edn, \u00faprava a \u010distenie v\u00f4d, ochrana ovzdu\u0161ia, nakladanie s\u00a0odpadmi, recykl\u00e1cia odpadov, posudzovanie vplyvu zne\u010distenia na zlo\u017eky \u017eivotn\u00e9ho prostredia), v\u00a0\u0161t\u00e1tnej aj\u00a0s\u00fakromnej sf\u00e9re.<\/p>\n","protected":false},"excerpt":{"rendered":"<p>\u0160tudijn\u00fd program: Mineralurgia a environment\u00e1lne technol\u00f3gie. Profil absolventa Profil absolventa \u0161tudijn\u00e9ho programu Mineralurgia a environment\u00e1lne technol\u00f3gie v III. stupni vzdel\u00e1vania vypl\u00fdva z vymedzenia \u0161tudijn\u00e9ho odboru Mineralurgia. Absolvent nadv\u00e4zuje na svoje \u0161t\u00fadium rovnak\u00e9ho programu v\u00a0druhom stupni, pr\u00edpadne na druhostup\u0148ov\u00e9 \u0161t\u00fadium programu&hellip; <\/p>\n","protected":false},"author":1,"featured_media":0,"parent":12,"menu_order":0,"comment_status":"closed","ping_status":"closed","template":"","meta":{"footnotes":""},"class_list":["post-50","page","type-page","status-publish","hentry"],"_links":{"self":[{"href":"https:\/\/oss.uzz.fberg.tuke.sk\/index.php\/wp-json\/wp\/v2\/pages\/50","targetHints":{"allow":["GET"]}}],"collection":[{"href":"https:\/\/oss.uzz.fberg.tuke.sk\/index.php\/wp-json\/wp\/v2\/pages"}],"about":[{"href":"https:\/\/oss.uzz.fberg.tuke.sk\/index.php\/wp-json\/wp\/v2\/types\/page"}],"author":[{"embeddable":true,"href":"https:\/\/oss.uzz.fberg.tuke.sk\/index.php\/wp-json\/wp\/v2\/users\/1"}],"replies":[{"embeddable":true,"href":"https:\/\/oss.uzz.fberg.tuke.sk\/index.php\/wp-json\/wp\/v2\/comments?post=50"}],"version-history":[{"count":5,"href":"https:\/\/oss.uzz.fberg.tuke.sk\/index.php\/wp-json\/wp\/v2\/pages\/50\/revisions"}],"predecessor-version":[{"id":144,"href":"https:\/\/oss.uzz.fberg.tuke.sk\/index.php\/wp-json\/wp\/v2\/pages\/50\/revisions\/144"}],"up":[{"embeddable":true,"href":"https:\/\/oss.uzz.fberg.tuke.sk\/index.php\/wp-json\/wp\/v2\/pages\/12"}],"wp:attachment":[{"href":"https:\/\/oss.uzz.fberg.tuke.sk\/index.php\/wp-json\/wp\/v2\/media?parent=50"}],"curies":[{"name":"wp","href":"https:\/\/api.w.org\/{rel}","templated":true}]}}